*3/6 + j**2. Give q(h).
1
Let m(a) be the second derivative of -a**3/2 - 23*a**2/2 + 1228*a. Give m(-6).
-5
Let n(a) = 5*a + 3. Let q(o) = 2*o**3 + 14*o**2 - 3*o**3 + 2 + 9*o**2 - 30*o**2 - 6*o. Let w be q(-6). Let b be -5*2*(-4)/(-8) + w. Calculate n(b).
-12
Suppose 25*x = 66*x + 37*x - 78. Let j(y) = -y**2 - 29*y + 29. Calculate j(x).
-1
Suppose 5*g + 51 = 3*y, 3*y + 4*g + 6 - 3 = 0. Let p(s) = s**3 - 7*s**2 - 2*s + 17. Calculate p(y).
3
Let k(p) = p. Suppose 3 = -y - 2. Let i(d) be the second derivative of d**4/12 + 2*d**3/3 + d**2/2 - 1605*d + 2. Let x be i(y). Determine k(x).
6
Let k(n) = -37*n**2 + 17*n**2 + 83 + 21*n**2 + 18*n. Let a be k(-7). Let d(w) = -2*w + 4. Calculate d(a).
-8
Let d(l) = -3*l**2 - 4*l + 5. Let u(i) = 13*i**2 + 21*i - 21. Let r(t) = 9*d(t) + 2*u(t). Calculate r(6).
3
Let f(v) = -36 - 40*v - 44*v + 125*v + 2 - 42*v. Give f(9).
-43
Let t(x) = -x**2 + 3*x - 1. Let j(i) = -5*i - 6. Let f(m) = -15*m - 17. Let v(u) = -6*f(u) + 17*j(u). Let w = 163 - 162. Let g be v(w). Determine t(g).
-11
Let s be 2*(-3 - (90/4)/(-5)). Let v(o) be the second derivative of o**4/6 - o**3/3 - 2*o**2 + 52*o. Calculate v(s).
8
Let x = 3431 + -3435. Let t(o) = 7*o**2 + 6*o + 7. What is t(x)?
95
Let x(p) = -p**2 + 6*p + 6. Let z(t) = t**3 - 10*t**2 - 27*t + 43. Suppose 2*q + 46 = 4*i, 50*i + 4*q - 40 = 47*i. Let f be z(i). Determine x(f).
-1
Let m(a) = -324*a + 42. Let y(n) = -258*n + 34. Let i(b) = -13*m(b) + 16*y(b). Calculate i(-1).
-86
Let r(p) = p + 2. Let y(c) = -1. Let d(m) = r(m) + 3*y(m). Suppose 57*s = 61*s - 24. Determine d(s).
5
Let j(n) = -n**2 + 3*n + 1. Let r = -140 + 169. Let b = 14 - 38. Let o = b + r. What is j(o)?
-9
Let d(o) = o**2 - 16*o + 65. Suppose 12*v = 2*z + 311 - 221, 0 = -z + 2*v - 9. Give d(z).
2
Let a(j) be the third derivative of 8*j**4/3 - 511*j**3/2 + 12019*j**2. Give a(24).
3
Let l(u) be the first derivative of -u**5/60 + u**4/2 - 7*u**3/6 - 13*u**2/2 + 6*u - 276. Let h(g) be the second derivative of l(g). Calculate h(9).
20
Let f(s) = -4*s + 3. Suppose 2*h = -0 + 4. Suppose o = -h*o + 3*m + 42, 4*o + 5*m = 20. Suppose 2 = 6*l - o. Determine f(l).
-5
Let w(i) = -i**3 - 4*i**2 + i + 6. Suppose o + 5*u = -34, 17*o - 12*o = 3*u - 2. Calculate w(o).
2
Let a be (-1 + 2)*(35/7 - (16 + -11)). Let d(v) = v**2 - 117. Give d(a).
-117
Let z = 4904 - 4898. Let x = 21 + -12. Suppose x*n - 6 = z*n. Let o(b) = b**3 - 3*b**2 - 3*b + 1. Calculate o(n).
-9
Let z be 3/(((-5 - -6) + 1)/(60/9)). Let k(p) = 2*p**2 - 18*p - 27. What is k(z)?
-7
Let k(s) = -s**3 - 3*s + 12948. Let b be k(0). Let q(h) = 1 + 2 + b*h - 12949*h. Calculate q(-4).
7
Let v(x) = -14*x**2 + 19*x + 128. Let t(o) = -5*o**2 - 3*o. Let a(k) = 3*t(k) - v(k). Determine a(-21).
19
Let t be 26/10 + 3/(-5). Let y(x) = -108*x + 107*x + t - 2*x**2 + 0*x**2. Let k be 5*-1 - (-39)/13. Give y(k).
-4
Let n be 4/(-30) - 27899/345. Suppose -2*u - 91 = -245. Let b = u + n. Let h(l) = -l**3 - 4*l**2 + 6*l + 6. What is h(b)?
-18
Suppose -2*d + 13 = 5. Let u(h) = -d + 6 - h + 4 + 1. Let p(i) = 3*i**3 - 4*i**2 + 15*i - 25. Let w be p(2). What is u(w)?
-6
Let q = -4 - -10. Suppose -3*a - 3*z + 21 = 0, 1539 = -2*a - 3*z + 1553. Let t be (-3)/q*(-19 + a). Let x(m) = m**3 - 6*m**2 + m. Determine x(t).
6
Let n(s) = s - 1. Let w(f) = -f**3 + 4*f**2 + 8*f. Let o(t) = 3*n(t) - w(t). Suppose 5 = -2*c - 2*l + 27, 3*c = -l + 21. Calculate o(c).
-3
Let u = 67 - -427. Let l = u + -495. Let k(r) = -12*r - 2. Calculate k(l).
10
Let j = -712 - -718. Suppose j*s - 7*s = -2*a + 6, 4*s = 3*a - 9. Let g(k) = k**2 - k + 5. Give g(s).
5
Let r(a) = -a - 4. Suppose -4*f - i + 849 = 0, 0 = 2*i - 6 - 4. Suppose 26*y - 3 = -f. What is r(y)?
4
Suppose -15*v = 2*q - 16*v + 8, 5*v - 4 = -8*q. Let b(c) = -5*c + 2. Calculate b(q).
12
Let f(i) = 92 + 83 - 175 + 13*i - 12*i. Let c(b) = b**2 + 5*b + 5. Let h be c(-4). Give f(h).
1
Let q(b) = 6*b**2 + 6*b. Let f be q(-10). Let p = -533 + f. Let v(j) = 3*j - 9. What is v(p)?
12
Let o(v) = 164*v - 19. Let n be o(2). Let x = n + -308. Let k(u) = u**3 + u + 1. Let t(i) = 11*i**3 - 2*i**2 + 4*i + 5. Let b(z) = 4*k(z) - t(z). What is b(x)?
-6
Let p be ((-6)/8)/((-12)/48). Suppose 2*x + w - 4 = -0*w, 5*x = 4*w - p. Let k(f) = -68*f**3 - 1 + 123*f**3 - 60*f**3 + f**2 + f. What is k(x)?
-4
Let j(i) be the third derivative of i**5/60 - i**4/24 - 217*i**2 - 5. Give j(2).
2
Let p(m) = 7*m + 1. Let h(j) be the first derivative of -j**4/2 + 65*j**3/3 + 31*j**2/2 + 65*j + 26. Let v be h(33). Determine p(v).
-6
Let z(h) = -h**2 + 5*h + 1. Suppose 841*s + 849*s - 84 = 1676*s. Calculate z(s).
-5
Let j(q) = -5*q**2 - 173*q + 118. Let g(o) = 3*o**2 + 106*o - 71. Let z(x) = 13*g(x) + 8*j(x). Determine z(-6).
21
Let g(w) = 41*w**2 - 21*w - 11. Let b(l) = 47*l**2 - 25*l - 12. Let o(k) = 7*b(k) - 8*g(k). Suppose 2*c = -4*r - r - 5, 5*c + 5*r = 10. Determine o(c).
-6
Let z(i) be the first derivative of i**2/2 - 3*i + 2. Let x be (-1)/((-1)/(-281)) + 77 + -82. Let y = x - -286. What is z(y)?
-3
Let o(m) = 3*m + 28. Suppose -61*f + 359 = 1518. Give o(f).
-29
Let y(z) be the second derivative of -z**8/6720 + z**7/504 + z**6/720 - z**5/20 - 33*z**4/4 + 57*z. Let x(p) be the third derivative of y(p). Calculate x(5).
-1
Let g(y) = y**3 - 13*y**2 - 8*y + 106. Let p be g(13). Let t(z) be the second derivative of z**4/12 - z**3/2 + 3*z**2/2 + z. Determine t(p).
1
Let j(u) = u**2 + 5*u - 11. Let i be j(-7). Suppose 0 = -i*k - 1 - 2, 5*l = -4*k - 34. Let p(q) = q + 0*q + 2 + 0 + 1. Calculate p(l).
-3
Let o(g) be the third derivative of g**7/2520 - g**6/240 + g**5/30 - 11*g**4/12 - g**3/6 - 9*g**2 + 1. Let h(z) be the second derivative of o(z). Give h(6).
22
Let u(i) = 3*i - 69. Suppose -239*m + 3133 = 2*m. Calculate u(m).
-30
Let i(l) = -810946 + 810834 + 5*l + 6*l. What is i(11)?
9
Let f(b) be the first derivative of b**3/3 + 7*b**2/2 + 3*b + 2. Suppose 0 = -13*v + 7*v + 348. Suppose 7 + v = -13*y. Calculate f(y).
-7
Let h(m) = -m**2 + 2*m - 2. Let d be (-2 - 0)*375/6. Let g = 121 + d. Let z be 4 + g + (-1 - -5). What is h(z)?
-10
Let b be (8/(-3))/((-1)/(-3)). Let z = b - -6. Let j(q) be the first derivative of q**2/2 + 34. Calculate j(z).
-2
Let x(f) = -27*f + 100 - 1434*f**3 + 2870*f**3 + 29*f**2 - 1435*f**3 - 7. Determine x(-30).
3
Suppose 0 = -2*x - q, 196*q = -x + 197*q + 9. Let u(r) be the third derivative of 0 + 1/24*r**4 + 0*r + 2*r**2 - 1/20*r**5 - 1/120*r**6 + 1/2*r**x. Give u(-3).
0
Let z(g) = -g**3 - 3*g**2 + 15*g - 21. Let l be z(2). Let f(s) = 2*s**2 - 8*s + 7. Let w(i) = -i**2 + 9*i - 7. Let y(h) = 2*f(h) + 3*w(h). What is y(l)?
-7
Let k(r) be the third derivative of r**4/24 + 41*r**3/6 + 3*r**2 + 33. Determine k(-16).
25
Let p(w) be the first derivative of 7*w**4 - w**3/3 + w**2/2 + w + 1192. Give p(1).
29
Let y(s) = 7*s + 1. Let n(p) = 32*p - 4. Let d(k) = -n(k) + 4*y(k). Calculate d(5).
-12
Let a(h) = -16*h**2 + 119*h + 18. Let o(l) = 3*l**2 - 24*l - 3. Let j(v) = -2*a(v) - 11*o(v). Calculate j(25).
22
Suppose 580 = 3*f - 350. Let p = -307 + f. Let g(a) = 4*a**2 + 3*a - 2. What is g(p)?
43
Let q(a) = -55*a + 494. Let y(l) = 3*l**2 + 278*l - 1872. Let t be y(-99). Give q(t).
-1
Let n(j) = j**3 + 10*j + 0 - 4*j + 7 - 10*j**2. Suppose 5*o = -4*m + 5*m + 45, -4*o + 36 = 3*m. Suppose -2*t + 3*w = -o, -7 = 2*t - w - 22. Determine n(t).
-20
Let j = -464 + 469. Let v(c) = c**2 - 16*c + 42. Give v(j).
-13
Let n(a) be the first derivative of -25*a**2/2 - a + 641. Calculate n(-3).
74
Let r = 65 + -66. Let x(n) = 5*n - 4. Let t(i) = -i - 1. Let y(z) = r*x(z) - 4*t(z). Let v be (19 - 14)*(2 + -1). Calculate y(v).
3
Let g(l) = -2*l - 7 + l**3 + 9*l + 8*l**2 - l - l. Let s(z) = 2*z**2 + 14. Let y be s(-4). Let m = -53 + y. Determine g(m).
7
Let c(n) be the first derivative of -n**4/4 + 5*n**3/3 - n**2/2 - n + 20. Let t = 503 + -499. Calculate c(t).
11
Let n(s) = 3 - 8033*s - 3*s**2 + 2*s**2 + 8 + 8044*s. What is n(11)?
11
Let r = -1989 + 1977. Let z(u) = -u**3 - 13*u**2 - 11*u + 28. Give z(r).
16
Suppose -215*u + 1882 = -483. Let v(r) = -8*r + 44. What is v(u)?
-44
Let u = 18 - 7. Let y(s) = -u + 5 + s**2 + 4 + s. Let f(g) = 4*g - 30. Let w be f(7). Calculate y(w).
0
Suppose -97*w = -106*w + 864. Let u(f) = -4*f**2 - f**2 + 95*f**3 + 3*f - w*f**3 - 3 + f**2 + 0*f. Determine u(-3).
-21
Let u(